09452 a multiple of 44?
False
Is 174357346 a multiple of 8612?
False
Does 32 divide 52542253?
False
Does 1385 divide 634176265?
True
Is 5747675 a multiple of 208?
False
Does 202 divide 40363842?
True
Is 24 a factor of 1825722384?
True
Is 68 a factor of 7545484?
True
Does 495 divide 771104619?
False
Is 194 a factor of 52041082?
True
Does 175 divide 598667419?
False
Is 603 a factor of 338276310?
False
Does 939 divide 479090007?
True
Is 109410153 a multiple of 4139?
False
Does 1481 divide 206574323?
True
Is 88034349 a multiple of 196?
False
Does 18 divide 23314279?
False
Does 77 divide 87523821?
True
Does 48 divide 644857440?
True
Is 53560928 a multiple of 71?
False
Does 11 divide 1168492930?
True
Does 212 divide 854558337?
False
Is 1577 a factor of 436184007?
True
Does 68 divide 19029120?
True
Does 2372 divide 213995310?
False
Is 30043152 a multiple of 12?
True
Is 187 a factor of 11391182?
False
Does 20 divide 542865812?
False
Does 366 divide 3240832?
False
Is 12 a factor of 634866144?
True
Is 60 a factor of 1105132920?
True
Is 47 a factor of 816155?
True
Is 13730395 a multiple of 7?
True
Is 17 a factor of 42502652?
True
Does 182 divide 1991361736?
True
Does 90 divide 30262050?
True
Is 544478668 a multiple of 1829?
True
Does 1939 divide 9524368?
True
Is 417 a factor of 35163281?
False
Is 1611 a factor of 76048866?
True
Is 62637910 a multiple of 61?
False
Is 41585698 a multiple of 7?
True
Is 30132878 a multiple of 3607?
True
Is 501597967 a multiple of 70?
False
Is 55622931 a multiple of 45?
False
Is 65881714 a multiple of 45?
False
Does 2432 divide 588096107?
False
Does 26 divide 1037436?
False
Is 8 a factor of 133146919?
False
Is 208417004 a multiple of 548?
True
Does 82 divide 18808340?
True
Is 67770544 a multiple of 16?
True
Is 1479136861 a multiple of 17?
False
Is 87 a factor of 361922523?
True
Is 924698282 a multiple of 3379?
False
Is 590 a factor of 45944309?
False
Is 448253228 a multiple of 89?
False
Is 58 a factor of 3525821?
False
Is 334894001 a multiple of 3451?
False
Is 784066452 a multiple of 544?
False
Does 34 divide 3263056309?
False
Is 1761011 a multiple of 433?
True
Does 84 divide 26086718?
False
Does 51 divide 730964?
False
Does 537 divide 300899358?
True
Does 435 divide 30100260?
True
Is 37 a factor of 532888245?
True
Does 75 divide 6679125?
True
Is 79788295 a multiple of 947?
False
Is 91008943 a multiple of 11?
False
Is 120 a factor of 313200738?
False
Is 1393 a factor of 46510877?
True
Is 655103407 a multiple of 109?
True
Does 357 divide 842430750?
True
Is 3 a factor of 44210800?
False
Does 2701 divide 33465390?
True
Is 112501498 a multiple of 10?
False
Is 407 a factor of 127057968?
False
Does 15 divide 2712588371?
False
Is 114 a factor of 817341354?
True
Is 107286262 a multiple of 219?
False
Is 336 a factor of 540187670?
False
Is 59156984 a multiple of 138?
False
Is 21801888 a multiple of 1464?
True
Is 2302018770 a multiple of 6192?
False
Is 33424000 a multiple of 2000?
True
Is 150340525 a multiple of 2083?
True
Is 6 a factor of 28341156?
True
Is 60 a factor of 560386927?
False
Does 65 divide 401676020?
False
Is 58679985 a multiple of 346?
False
Is 4295 a factor of 991182669?
False
Is 61370270 a multiple of 169?
False
Does 7 divide 11253817?
False
Is 84 a factor of 133065807?
False
Is 1222 a factor of 29145063?
False
Does 487 divide 173724195?
False
Does 37 divide 499496337?
True
Is 73349430 a multiple of 64?
False
Is 648 a factor of 23597568?
True
Does 96 divide 123805632?
True
Does 391 divide 370761058?
True
Does 23 divide 458798513?
False
Is 5387774 a multiple of 7?
True
Is 9 a factor of 745206668?
False
Does 668 divide 63936571?
False
Is 6 a factor of 261013468?
False
Is 356447115 a multiple of 27?
True
Does 44 divide 1493851655?
False
Is 4788615 a multiple of 13?
True
Is 115 a factor of 39593306?
False
Is 7 a factor of 9812411?
True
Is 14 a factor of 7519377073?
False
Is 15 a factor of 2208654670?
False
Is 1596 a factor of 39092346?
False
Is 20 a factor of 27364080?
True
Is 20 a factor of 22260785?
False
Is 6542 a factor of 964403269?
False
Is 3725 a factor of 58874237?
False
Does 5007 divide 37227045?
True
Is 75 a factor of 10591725?
True
Is 6684 a factor of 3333718524?
True
Is 11334744 a multiple of 72?
True
Is 8 a factor of 24724496?
True
Does 50 divide 3110230025?
False
Is 240 a factor of 1349760?
True
Does 119 divide 107027529?
True
Is 41723276 a multiple of 7?
True
Is 23 a factor of 170594404?
True
Is 14746913 a multiple of 323?
False
Is 2378434040 a multiple of 668?
True
Is 68 a factor of 68491107?
False
Is 39619449 a multiple of 184?
False
Is 123612036 a multiple of 2396?
True
Is 77537732 a multiple of 11?
False
Is 8497764 a multiple of 27?
True
Is 22460332 a multiple of 74?
True
Does 27 divide 112968218?
False
Is 9 a factor of 1278925425?
True
Is 27 a factor of 1955206161?
True
Is 23271086 a multiple of 60?
False
Is 40 a factor of 1393041360?
True
Is 25 a factor of 37053370?
False
Is 6 a factor of 131730336?
True
Does 7988 divide 1057770960?
True
Is 531267318 a multiple of 525?
False
Is 11865527 a multiple of 455?
False
Is 7449776 a multiple of 4?
True
Does 435 divide 224592240?
True
Is 895 a factor of 154528910?
True
Is 1908 a factor of 56879388?
True
Does 3423 divide 95377741?
False
Is 9221 a factor of 1859811153?
True
Is 14598968 a multiple of 2?
True
Is 115 a factor of 108098045?
True
Is 234 a factor of 33824499?
False
Is 352977125 a multiple of 2?
False
Is 157945038 a multiple of 123?
True
Is 149 a factor of 64719818?
False
Is 77713248 a multiple of 21?
False
Is 47 a factor of 11431810?
True
Does 9 divide 231340167?
True
Is 44391824 a multiple of 43?
True
Is 12743 a factor of 134272991?
True
Is 9267871 a multiple of 10?
False
Is 778 a factor of 87797300?
True
Does 163 divide 4337541?
False
Is 78150913 a multiple of 113?
True
Is 86991255 a multiple of 555?
True
Does 14 divide 60605034?
True
Does 2570 divide 935343879?
False
Is 330490762 a multiple of 585?
False
Is 901234946 a multiple of 454?
True
Is 810 a factor of 59045760?
True
Is 10941462 a multiple of 6?
True
Does 9 divide 1064561?
False
Is 73696630 a multiple of 38?
True
Is 280426508 a multiple of 4116?
False
Is 2507066717 a multiple of 23?
False
Does 1064 divide 55646136?
True
Is 12254 a factor of 2209059070?
False
Is 1041879294 a multiple of 95?
False
Is 2525 a factor of 853785825?
True
Does 173 divide 482803492?
False
Is 39799636 a multiple of 240?
False
Is 89 a factor of 13779870?
True
Does 3935 divide 22366540?
True
Is 981 a factor of 88511706?
True
Is 1290 a factor of 35682690?
True
Is 20701180 a multiple of 62?
True
Does 41 divide 33983362?
False
Is 639539362 a multiple of 77?
True
Does 183 divide 2564013?
True
Is 644922896 a multiple of 115?
False
Does 46 divide 34476724?
True
Is 12 a factor of 706044?
True
Is 636 a factor of 26519395?
False
Does 8169 divide 557820165?
True
Is 239352452 a multiple of 31?
False
Is 111 a factor of 38364486?
True
Is 1639 a factor of 247647983?
True
Is 702 a factor of 81361679?
False
Does 100 divide 711861700?
True
Is 2593 a factor of 43108625?
True
Is 28 a factor of 188148479?
False
Is 159 a factor of 4112008?
False
Does 140 divide 10171700?
True
Is 6836 a factor of 5093770204?
True
Is 77756418 a multiple of 6?
True
Does 5 divide 21229686?
False
Does 123 divide 26102096?
False
Does 31 divide 15930774?
False
Is 31723665 a multiple of 1195?
True
Does 96 divide 9808168?
False
Is 297 a factor of 101274327?
True
Does 70 divide 32322638?
False
Does 4020 divide 1687712580?
True
Is 6 a factor of 9198492?
True
Is 109341385 a multiple of 4?
False
Does 31 divide 3357264?
False
Is 53 a factor of 60513015?
True
Is 3097 a factor of 30638621?
True
Is 233 a factor of 213325556?
False
Is 3 a factor of 79564713?
True
Does 373 divide 37499182?
True
Does 805 divide 629266726?
False
Is 3034 a factor of 13943417?
False
Is 55160507 a multiple of 42?
False
Is 75876158 a multiple of 2542?
True
Does 134 divide 20502536?
True
Does 2904 divide 1161300888?
True
Is 227751413 a multiple of 29?
True
Does 29 divide 238484284?
True
Is 1040892609 a multiple of 421?
True
Is 13 a factor of 7914088?
True
Does 34 divide 52154878?
True
Is 9355514 a multiple of 321?
False
Is 45509688 a multiple of 7?
True
Is 11918949 a multiple of 16?
False
Is 67376